t b(g) = -g**2 - 2*g - 3. Let a be -5 + 5*(-3)/(-15). Give b(a).
-11
Let i(j) = -j + 1. Let p = -23 + 10. Let g = p + 18. Calculate i(g).
-4
Let k(d) be the third derivative of d**6/120 + d**5/60 - d**4/24 + 5*d**3/3 - 19*d**2. What is k(0)?
10
Suppose 2*u + 3*w - 21 = 0, -1 = 4*u + 4*w - 33. Let v(a) = a**3 - a**2 - a - 1. Let h(i) = -12*i**3 + 2*i**2 + 3*i + 4. Let z(x) = u*v(x) + h(x). Give z(-1).
9
Let g(d) = d**2 + d + 1. Let n be g(-2). Suppose -3*t = -2*f + 13, 3*t = n*f - 7*f - 19. Let w(l) = 6*l**3 + 1. Give w(f).
-5
Let j(w) = -2 + 7 + 4*w - 2 + 2. What is j(-5)?
-15
Let j(s) = -s**3 - s**2 - 5. Let c be j(0). Let b(h) = h**2 + 6*h - 6. Calculate b(c).
-11
Suppose 5*b = -5*f + 40, 2*f + f - 32 = -5*b. Let g(m) = 4*m + 1. Give g(b).
17
Suppose -30*u + 27*u - 3 = 0. Let v(h) = -17*h - 1. Give v(u).
16
Let r(m) = -4*m - 7. Let t = 15 - 21. Determine r(t).
17
Let b(h) = 11 - 6*h - 6*h**2 - h**3 - 15 + 0*h**3 + 7. Determine b(-5).
8
Let h be 8/2 - 1/(-1). Let x(c) = c + 2. Calculate x(h).
7
Let h(o) = -11*o + 13*o - 8*o + 0*o. Suppose 0 = -5*x - 5*q - 5, -3 = -x + 3*q + 4. What is h(x)?
-6
Let u(a) = 4*a**3 + 4*a + 7. Let s(t) = 2*t**3 + 2*t + 5. Let p(f) = -f**3 - f - 2. Let q(w) = -5*p(w) - 2*s(w). Let m(o) = -3*q(o) + u(o). What is m(0)?
7
Let o(k) be the second derivative of -1/3*k**3 - 3*k + 0 + k**2. Give o(4).
-6
Let w(g) be the third derivative of g**4/24 - 13*g**3/6 + 29*g**2. Calculate w(9).
-4
Let l be -3*-2*(-4)/(-24). Let d(g) = 4*g**2 - g + 1. Determine d(l).
4
Let n(u) = -2*u**2 + 4*u + 1. Let s be -3 + 8 + -3 - -1. Determine n(s).
-5
Let r = 8 + -5. Suppose 0 = 2*w + 4*g - 14, w = -r*g + 2*g + 6. Let k(j) be the first derivative of -j**2 + 5*j + 4. Calculate k(w).
-5
Let p = -31 + 40. Let g(t) = -t + 2. Determine g(p).
-7
Let n(r) be the second derivative of -r**3/3 - 15*r**2/2 + 7*r - 2. Determine n(-7).
-1
Let n(t) be the third derivative of -2*t**2 - 1/60*t**5 + 0*t - 5/6*t**3 + 0 - 1/12*t**4. Determine n(-4).
-13
Let u be 0 + (2 - 1) + 1. Let l(k) be the second derivative of k**4/3 - k**3/6 - k**2 + 10*k. Determine l(u).
12
Suppose r + 24 = 7*r. Let u(c) = 3*c - 3. Let o(a) = 7*a - 7. Let v(j) = -2*o(j) + 5*u(j). Determine v(r).
3
Suppose -9*a + 8*a - 19 = -3*t, -a + 5 = 0. Let y(d) = d**3 - 7*d**2 - 7*d - 11. Give y(t).
-3
Let l(z) = -z - 1. Let i(c) = -8*c - 6. Let m(y) = -i(y) + 5*l(y). Let t be (10/(-4))/(3/(-6)). Let j(d) = 3*d. Let q(s) = t*j(s) - 4*m(s). Give q(3).
5
Let l(a) = -a**3 - 4*a**2 + 1. Let s(x) = -x**2 - 9*x - 4. Let h be s(-9). Give l(h).
1
Let n(a) = -a + 7. Let r = -67 + 67. Calculate n(r).
7
Let w(s) be the first derivative of s**3 - s**2 + s + 1. Let x = 253 - 252. Give w(x).
2
Suppose 5*r = -13 - 17. Let o = r + -7. Let n = o - -10. Let s(j) = 2*j + 2. What is s(n)?
-4
Let p be 6/15 - (-54)/(-10). Let j(u) be the third derivative of -u**4/12 - u**3/3 - 2*u**2. Give j(p).
8
Let v(h) = -5 + 6*h + h**2 - 5*h + 2*h. Suppose 0 = 2*i + 12 - 2. Determine v(i).
5
Let u(q) = q**3 - 6*q**2 + 2*q - 3. Suppose 5*v - 26 = -2*f, -f = v + f - 2. What is u(v)?
9
Let l(h) be the first derivative of -9*h**4/4 - h**3/3 + h**2 - h - 2. Let i be l(1). Let c = 5 + i. Let d(u) = u - 3. What is d(c)?
-7
Let u(q) be the first derivative of -2*q - 1 - 1/2*q**2. Calculate u(-6).
4
Let i(f) = -f**2 - 10*f + 1. Let b = -11 - -5. Let m(z) be the first derivative of z**2/2 - 2. Let d(h) = b*m(h) - i(h). Determine d(-5).
4
Let v(r) = r**3 + r + 6. Suppose -5*n + 25 = 4*q, 2*n - 6*n = 5*q - 20. Determine v(q).
6
Let l(s) = 2*s + 2. Suppose 4*f = -f - 20. Let j = f + 3. Let x(z) = z. Let d(q) = j*l(q) + 4*x(q). Determine d(3).
4
Let o(r) = -r. Let w(u) = -2. Let k(s) = 3*o(s) + w(s). Determine k(-2).
4
Suppose 5*y + 33 - 3 = 0. Let q(p) = -p**3 - 7*p**2 - 7*p - 3. Let s be q(y). Let r(w) be the first derivative of w**2 - 4*w + 1. What is r(s)?
2
Suppose 0 = 2*i + 4, -h = i - 0*i - 1. Let z(u) be the first derivative of -3*u**2/2 - 5*u - 2. Let g(l) = l + 2. Let k(p) = -9*g(p) - 4*z(p). What is k(h)?
11
Let f(y) = -2*y**2 - y - 1. Let a(n) = n + 2. Let k be a(-3). Calculate f(k).
-2
Suppose 4*m = -z - 21 + 5, -12 = -z + 3*m. Let h be (-4)/(2 + z) - 3. Let v(t) be the second derivative of t**5/20 + 5*t**4/12 - t**2/2 - 8*t. Determine v(h).
-1
Let h = -32 + 29. Let n(y) = -y - 1. What is n(h)?
2
Let y = 4 + 7. Let k(d) = -y*d + 19*d - 1 - 5*d. What is k(-1)?
-4
Let y(q) be the second derivative of -q**4/24 - q**3/6 + q**2 - 3*q. Let s(l) be the first derivative of y(l). Calculate s(-4).
3
Let r = -15 + 9. Let t(h) = -h**3 - 7*h**2 - 8*h - 3. Determine t(r).
9
Let z(v) = -4*v**2 + 6*v - 3. Let x(a) = 3*a**2 - 6*a + 3. Let n(y) = -3*x(y) - 2*z(y). Let l be (-12)/(-30) - 36/(-10). Calculate n(l).
5
Let c(m) = 2*m**2 + 3*m. Let b be c(-2). Let t(o) = 4 - o**2 + o**3 + 5 + b*o**2. Calculate t(0).
9
Let b(c) = -c - 1. Let g(p) = -14*p - 4*p**2 + p**3 - 16*p - 4 + 25*p. Let h be g(5). Give b(h).
3
Let x(r) = r**3 - 3*r**2 + r. Let a(d) = -d + 14. Suppose -5*i = -14 - 41. Let b be a(i). Calculate x(b).
3
Let a(u) be the first derivative of 1/60*u**5 + 0*u - 5/6*u**3 - 1/8*u**4 - 1 + 3/2*u**2. Let d(r) be the second derivative of a(r). What is d(5)?
5
Suppose 0 = -3*g - 3, -4 = b + 2*g - 1. Let a(z) = -5*z**3 + z**2 + 2*z + 1. Determine a(b).
5
Let u(n) = -n**2 - 6*n + 5. Suppose 53 + 23 = -19*y. Give u(y).
13
Let l = 175 + -176. Let u(i) = 8*i**2 - 1. Determine u(l).
7
Let m be 5/10 - (-2)/(-4). Suppose m = -2*j - 5*h - 5 - 7, 0 = -2*j - 2*h. Let n(o) = 2*o**2 - 6*o + 1. Calculate n(j).
9
Suppose 2*f - 6 = -0*f. Let j(u) = -u**3 + 2*u**2 + 5*u - 2. Determine j(f).
4
Let w(n) = n**3 + 9*n**2 + 9*n + 2. Let z be (-5)/(-1) - 3 - 3. Let a(f) = f**2 + f. Let q(b) = z*w(b) + 4*a(b). Give q(-4).
2
Let n(t) be the third derivative of -t**5/60 - t**4/12 - t**3/6 - 2*t**2. Let c(k) = 2*k**2 + 3*k. Let a be c(-2). Suppose o + 3 = a. Calculate n(o).
0
Let m(p) = p - 2. Suppose -4*n = -3*r + 24, 2*n - 3*r = -3*n - 30. What is m(n)?
-8
Suppose 0 = -4*w - w + 30. Let p be (-4)/(4/3) + w. Let f(i) = i**3 - 4*i**2 + 4*i - 3. Determine f(p).
0
Let j(y) = 0 + y + 1 - 5*y**2 + 4*y**2. Calculate j(0).
1
Suppose -6*t + 2*t = -4*c + 4, 17 = t + 5*c. Let k = t + 0. Let x be (2*4)/2 - k. Let a(z) = 2*z + 2. What is a(x)?
6
Let u = 3 - 0. Suppose u*b = -2*b + 15. Let j(l) = l**b + l**2 + 2 + l**2 + 0*l + l. Give j(-2).
0
Let s(a) = 2*a**2 - 10*a + 7. Suppose -10 + 34 = 4*i. Calculate s(i).
19
Let n = 9 - 7. Let d(k) = k**n - k**2 + 4*k - k**2 - 8*k - 1. Calculate d(-4).
-1
Let z = -12 + 15. Let m(v) = v**2 - 2*v + 3. What is m(z)?
6
Let h(b) = 2*b**3 + b**2 + 2*b + 1. Let r(n) = 4 + 5*n + 3*n**2 - n**3 - 2*n - 1. Suppose 0 = s + 2*p - 12, -36 = -5*s - 4*p - 0*p. Let d be r(s). Give h(d).
-2
Let x(n) be the third derivative of -n**5/60 + n**4/24 + 2*n**3/3 + 17*n**2. Let h = -1 + 0. Let o be 1 - (-1 - 0) - h. Calculate x(o).
-2
Let f(b) be the third derivative of -b**4/24 + 5*b**3/6 - b**2 - 17*b. Let u(r) = -r - 3. Let w be u(-3). Give f(w).
5
Suppose 3*q + 19 = 5*u, -4*u - 3*q = -7*q - 20. Let l be -1 - 0*(-1 + u). Let t(k) = 7*k + 1. Calculate t(l).
-6
Suppose 4*j - 5*c = -c + 20, 25 = -5*c. Suppose j = 4*z + z - 20. Let k(a) = a**3 - 5*a**2 + 2*a - 3. Determine k(z).
-11
Let l(q) = -q**3 - q**2 - q - 1. Let y be l(0). Let o(h) be the second derivative of 2*h**3/3 + h**2/2 + h. Determine o(y).
-3
Let t(p) = -4*p**2 - 6*p + 5. Let c(i) = -i - 11. Let y be c(-8). Let w(f) = 4*f - 3*f**2 - 5*f + 1 + 2*f**2. Let v(q) = y*w(q) + t(q). Calculate v(-4).
-2
Suppose 21 - 135 = 6*o. Let p = -23 - o. Let u(y) = 2*y**2 + 5*y - 3. Calculate u(p).
9
Let x(y) = -y**3 + 4*y**2 + y - 2. Let k be 38/10 + ((-8)/5)/2. What is x(k)?
10
Let c(v) be the second derivative of -v**4/12 - 5*v**3/6 - 3*v**2/2 - 2*v. Suppose 3 = -4*m + 3*m. Determine c(m).
3
Suppose 0 = 3*y + 2*x + 1, 21 = -4*y + 5*x - 11. Let z(j) = -3*j**2 + 4*j - 12. Let u(i) = -4*i**2 + 5*i - 14. Let a(d) = -4*u(d) + 5*z(d). Calculate a(y).
5
Let a(u) = -u + 10. Let f(r) = 0*r + 0*r - 29 + 3*r. Suppose 0 = 4*g - 40 - 4. Let q(k) = g*a(k) + 4*f(k). Determine q(5).
-1
Let o(h) be the third derivative of h**8/6720 - h**7/504 - h**5/24 - h**4/12 + 6*h**2. Let g(p) be the second derivative of o(p). What is g(5)?
-5
Let 